1111111011101111001 (base 2) in base 3?
-222112012020
1233a (base 16) to base 13
27c1c
320021023 (base 4) to base 5
24324323
What is 3a9295 (base 12) in base 5?
222013214
10016005 (base 8) to base 14
3cac4d
-163221 (base 10) to base 16
-27d95
-3414360 (base 7) to base 11
-26a72a
1543288 (base 11) to base 15
37220b
Convert 2053641 (base 7) to base 4.
330231033
5304501 (base 8) to base 9
2581054
What is -11341011421 (base 5) in base 14?
-1a818dd
Convert -110cc (base 13) to base 8.
-74316
Convert -46661242 (base 7) to base 15.
-56475a
Convert b9b51 (base 13) to base 2.
1010001111111111101
Convert -44ba4 (base 15) to base 13.
-78688
Convert -c8979c (base 15) to base 4.
-210123130131
Convert 130321111 (base 4) to base 6.
2311541
What is 242512343 (base 6) in base 13?
c56907
a332a3 (base 15) to base 16
765a41
What is 545118 (base 10) in base 15?
ab7b3
Convert 333013 (base 7) to base 16.
e527
What is 12133302 (base 5) in base 2?
11100000010001011
f4e5 (base 16) to base 7
350531
-55aa (base 11) to base 7
-30342
Convert -175a79b (base 13) to base 2.
-11100111101100000001010
Convert -422524552 (base 6) to base 3.
-111221200100212
Convert -31021120130 (base 4) to base 6.
-201511032
What is -112200220 (base 4) in base 5?
-10422300
Convert 40770 (base 9) to base 2.
110100011111010
What is -19526 (base 16) in base 10?
-103718
Convert 30113232 (base 4) to base 13.
1a0a9
-232254 (base 15) to base 16
-199a50
-44363a (base 11) to base 10
-707530
What is -130323213 (base 5) in base 10?
-636058
What is -45323220 (base 6) in base 16?
-150d5c
Convert 201024341 (base 5) to base 11.
4a6100
-201122230 (base 4) to base 7
-1110025
What is 446535 (base 10) in base 16?
6d047
What is -10112103103 (base 4) in base 12?
-46b817
What is fef93 (base 16) in base 3?
1222001121102
Convert -35509 (base 13) to base 9.
-157687
Convert -1064672 (base 8) to base 13.
-a183c
Convert -10303102 (base 4) to base 13.
-8c4a
202201230 (base 4) to base 8
424154
1b0e6 (base 16) to base 10
110822
Convert 392853 (base 11) to base 3.
1011102120111
Convert -323030011 (base 4) to base 8.
-731405
-25511045 (base 6) to base 5
-203133243
-26425b4 (base 12) to base 2
-11100110011110011011000
What is -24602644 (base 7) in base 16?
-21de10
Convert -112546 (base 8) to base 6.
-453022
Convert -154444124 (base 6) to base 14.
-61da96
Convert 2422120000 (base 5) to base 6.
321154333
93ab4b (base 12) to base 8
10664353
Convert -73a43a (base 11) to base 5.
-300410432
What is 386418 (base 12) in base 15?
1338b8
Convert 101010111101111010 (base 2) to base 6.
3434442
-3008842 (base 9) to base 16
-186d49
What is -2a0e4 (base 16) in base 4?
-222003210
Convert -12200212221200 (base 3) to base 8.
-13433737
What is 401304002 (base 5) in base 4?
12003230202
What is 242387 (base 14) in base 6?
42251535
Convert 100121101003 (base 4) to base 15.
59d64a
What is -127b2a4 (base 12) in base 6?
-210105524
344104 (base 10) to base 12
147174
23747447 (base 8) to base 15
6d4b1a
2620003 (base 7) to base 3
122022200121
What is 4c132 (base 13) in base 16?
22612
What is 11a963 (base 15) in base 11?
528571
Convert -244142410 (base 5) to base 2.
-100011011101111110110
22202221021 (base 3) to base 6
3411354
5da0c4 (base 16) to base 14
b5a220
Convert -62706674 (base 8) to base 11.
-7591677
2231301312 (base 4) to base 8
2556166
Convert -41790 (base 13) to base 12.
-58179
Convert -445078 (base 11) to base 8.
-2551604
1222010012000 (base 3) to base 4
3333100101
-1263943 (base 11) to base 14
-40cc46
Convert 40545011 (base 6) to base 9.
2164837
What is -301121020 (base 5) in base 10?
-1192010
Convert 154b6ba (base 13) to base 6.
402123140
What is 1010101110010000 (base 2) in base 14?
12012
-b697c (base 13) to base 5
-41011402
131322031 (base 4) to base 9
206041
Convert 2dba9a (base 16) to base 13.
80c110
Convert -3283334 (base 9) to base 3.
-10022210101011
Convert 1811035 (base 10) to base 2.
110111010001001011011
What is 1110100001110110010 (base 2) in base 13?
138909
2100212 (base 4) to base 8
22046
Convert -111302103002 (base 4) to base 6.
-322224002
Convert -28715 (base 12) to base 10.
-56321
What is -5037062 (base 9) in base 4?
-22032302333
Convert -33123313003 (base 4) to base 16.
-3dbdc3
634300 (base 8) to base 2
110011100011000000
-b46799 (base 12) to base 13
-781ac7
-122021221020 (base 3) to base 6
-11143523
What is 22001010102200 (base 3) in base 10?
4273713
Convert 3333113332 (base 5) to base 15.
997db2
What is 22211100122221 (base 3) in base 6?
244320211
Convert -3001676 (base 8) to base 2.
-11000000001110111110
What is 210020001001121 (base 3) in base 7?
164604523
-2210200120012 (base 3) to base 2
-101101011101101011101
Convert 4020134 (base 5) to base 13.
23063
32b2a (base 12) to base 13
24817
-1011001100001110010001 (base 2) to base 3
-12112001012200
Convert -15e22 (base 16) to base 12.
-43a56
What is 1017065 (base 8) in base 10?
269877
What is -14000055 (base 6) in base 9?
-781038
What is f935 (base 16) in base 3?
10020111212
What is -2232222320 (base 4) in base 15?
-e1eb8
Convert 71b542 (base 12) to base 13.
4a534c
Convert 17441 (base 9) to base 10.
12025
Convert 7306a (base 12) to base 7.
1164352
What is -5ec591 (base 16) in base 5?
-3042222321
-a35432 (base 13) to base 3
-21011120202210
Convert 2012431 (base 5) to base 6.
405133
Convert -3076115 (base 10) to base 16.
-2ef013
What is 13353010 (base 6) in base 13?
129cb7
Convert -269c5 (base 14) to base 15.
-1d33d
What is -1a35916 (base 12) in base 11?
-3149162
What is 1535682 (base 10) in base 2?
101110110111011000010
Convert -111010100010011000001010 (base 2) to base 7.
-244301040
63441 (base 9) to base 8
121672
1111011100001001110101 (base 2) to base 3
21121122002120
Convert -1236778 (base 9) to base 7.
-5505461
What is -373b3b (base 13) in base 8?
-5026502
-21324625 (base 7) to base 10
-1821643
What is 10cd83 (base 16) in base 2?
100001100110110000011
-48801 (base 12) to base 8
-277201
Convert 13430321 (base 5) to base 15.
2b4c6
What is -507605 (base 8) in base 4?
-220332011
Convert -255212020 (base 6) to base 3.
-100102111201110
What is 23121022320 (base 4) in base 13?
807588
What is -3b8452 (base 12) in base 14?
-1ba62a
Convert 10202404323 (base 5) to base 10.
10591213
-102100111 (base 3) to base 16
-2053
Convert 2015055 (base 6) to base 9.
155268
What is 2126305 (base 8) in base 10?
568517
-130249 (base 10) to base 16
-1fcc9
Convert 5096550 (base 10) to base 8.
23342146
Convert -147913 (base 11) to base 15.
-4825a
What is -1021221212121 (base 3) in base 7?
-5564035
Convert -110010111110100100011 (base 2) to base 8.
-6276443
Convert -201223 (base 4) to base 16.
-86b
Convert -3171002 (base 9) to base 16.
-19f0be
Convert -36cd7 (base 15) to base 6.
-3430151
What is -7167623 (base 8) in base 9?
-3510253
What is -266165123 (base 7) in base 16?
-1069994
What is 15131034 (base 6) in base 11?
329590
-110001010010101101 (base 2) to base 7
-1500430
What is -13342226 (base 7) in base 15?
-19692e
-561aba (base 12) to base 3
-2120200212121
-3061016 (base 7) to base 14
-9800d
What is -131565 (base 14) in base 9?
-1211062
What is -2105668 (base 11) in base 5?
-1422233003
What is -988795 (base 16) in base 12?
-34209b1
112312113 (base 4) to base 15
1cae6
Convert 3d2ca2 (base 14) to base 11.
1219487
-b7cd1 (base 15) to base 3
-1002122021021
What is -49b99c (base 15) in base 3?
-20122110120110
1806d91 (base 15) to base 12
5a34ab4
What is 232341343 (base 5) in base 6?
34410353
1122000200100 (base 3) to base 2
11010011100011110011
96006 (base 12) to base 9
330206
What is -38240 (base 14) in base 7?
-1112210
Convert -20105101 (base 6) to base 16.
-8adbd
Convert -11500262 (base 8) to base 3.
-11202012100002
11110110110001101 (base 2) to base 4
132312031
313813 (base 13) to base 14
21d355
What is 417507 (base 8) in base 3?
21001210002
What is 742122 (base 9) in base 2?
1101011101100111010
Convert 112230211 (base 4) to base 5.
10433330
7121a (base 11) to base 16
19691
Convert dd8b65 (base 14) to base 8.
34526265
What is 3868 (base 15) in base 9?
17438
Convert -242074 (base 10) to base 12.
-b810a
5631413 (base 8) to base 11
949328
-2032122 (base 5) to base 10
-33412
What is 1b2c (base 13) in base 8?
7776
11010010110011011 (base 2) to base 11
740aa
Convert -2052122 (base 8) to base 10.
-545874